-x**3 + 12*x**2 - x + 47. Let o(g) = -1408*g + 9868. Let v be o(7). Give f(v).
35
Suppose -3 = c, -5*c - 67 - 2 = 3*b. Let k(n) = -n**3 - 19*n**2 - 17*n + 7. Calculate k(b).
-11
Let x(q) be the first derivative of -q**5/20 + q**4/4 + 2*q**3/3 - q**2 - 20*q + 53. Let u(g) be the first derivative of x(g). What is u(4)?
-2
Let i be 1 - 0 - -1 - 8. Let f(r) be the third derivative of -r**6/120 - r**5/12 + r**4/8 - r**3 + 53*r**2 + 18. Give f(i).
12
Let p be 4/4*-3*1. Suppose -157*h = -161*h + 28. Let a(i) = -i**2 - 7 - 3*i + 15 - h. What is a(p)?
1
Suppose 5*o = o + 184. Let m = o + -30. Suppose -t = -m*t - 60. Let s(f) = -f**3 - 4*f**2. Calculate s(t).
0
Let i(l) be the first derivative of -l**2/2 + 29*l - 6074. Determine i(13).
16
Let w(d) = -2*d - 23. Let l = -1738 + 1745. Calculate w(l).
-37
Let t be ((-2)/(-18) - (-244)/72)*2. Let v be 4/(-6)*-12*1. Let i(s) = s - v - 2*s**2 + s**2 + 7*s. Determine i(t).
-1
Let c(s) = -s**3 + 2*s**2 + 2*s - 10. Let k = -8401 + 8405. Calculate c(k).
-34
Let j(o) be the second derivative of o**6/360 - o**5/30 - o**4/24 - 13*o**3/6 + 6*o + 4. Let i(t) be the second derivative of j(t). What is i(7)?
20
Let w(p) = -4*p**3 + p**2 + p + 1. Let j be ((-115)/322 + 2/(-14))*-28. Suppose 125*n - j = 118*n. Calculate w(n).
-25
Let u be 4 + (2*1)/2. Let p(z) be the third derivative of z**6/120 - z**5/10 + 7*z**4/24 - z**3/3 + 2*z**2 - 2*z + 1633. Determine p(u).
8
Let o(a) = -2*a + 9. Let u be 3/12*2*(4 - -8). Let l be -2 + (-4)/(-3) - (-34)/u. What is o(l)?
-1
Let z(r) = r + 1. Suppose -q = -4*a - 20, -5*q = a + 9 - 46. Suppose -q = 5*n - 23. Let h be (1 + (2 - 33/9))*n. Give z(h).
-1
Let y(x) = -15*x**3 - x**2 + 22*x - 21. Let j = -3695 + 3696. Give y(j).
-15
Suppose 0 = -4*c - 4*k + 16, -2*k = -2*c + 3*k - 6. Let z(r) = -62*r + 64*r + 0 - r**c - 3. Give z(-3).
-18
Let b = -2 - -6. Let h(d) = 5*d + 2 + 2*d**2 - d**2 - 11*d - 8 + b*d. Calculate h(4).
2
Let q(d) = 9*d**3 - 3*d**2 - 4*d - 2. Suppose -50*y - 30 = 70. What is q(y)?
-78
Let p(s) be the third derivative of -s**4/8 + 35*s**3/6 - 13*s**2. Let m be 9/(-1*(-21)/2*(-25)/(-350)). What is p(m)?
-1
Let a(c) = -c**2 + 50*c + 594. Let q be ((-105)/28)/(8 + (-1290)/160). Determine a(q).
-6
Let o(b) = b**2 + 3*b + 4. Let k(m) = 8*m**2 - 26*m + 25. Let z be k(10). Let j = 560 - z. Calculate o(j).
14
Let t(l) = 2*l**2 + 16*l. Let j(m) = -m + 2. Let a(r) = -4*j(r) - t(r). Calculate a(-6).
-8
Suppose -g + 154 = 10*g. Let j be (-26)/(-7) + (0 - g/(-49)). Let r(q) = q**2 - 4*q - 4. Give r(j).
-4
Let s(p) be the second derivative of -5*p**3/2 + 269*p**2 + 386*p + 4. Determine s(36).
-2
Let d(l) = -l + 9. Let s be 8 + (12 - (1 - -6)). What is d(s)?
-4
Let s be (12 - 7)*2/(-6)*-3. Let n be (s - (-6 - -8))/((-2)/2). Let l(g) = g**3 + 5*g**2 - 2. What is l(n)?
16
Suppose 4*v - 41 = 71. Let p(o) = -9*o - 46 + 19 + v. Let f(u) = -u**2 + 11*u - 17. Let k be f(9). Determine p(k).
-8
Let z be (6/(-2) + 4)*-3 + 1446. Let j(p) = -z*p**2 + 2 - 7*p + 0*p - p**3 + 1449*p**2. Suppose -2*c + 4*c = 10. Give j(c).
-8
Let n be 9 - (355/30 + -3). Let p(k) be the third derivative of -19*k**2 + 0*k - n*k**3 + 0 + 0*k**4 + 1/24*k**6 + 1/30*k**5. Give p(1).
6
Let s(x) = -x**2 - 22. Let k(a) = -7*a**2 + 14*a - 142. Let o(w) = k(w) - 6*s(w). Determine o(10).
30
Suppose -2*d + 21 = 19*d. Let k be 6*d/(-8 - -9). Let l(z) = z**3 - 7*z**2 + 6*z + 8. Determine l(k).
8
Suppose 14*c - 12*c = -3*r + 83, 0 = 4*r - 5*c - 103. Let y(h) = h**2 - 37*h + 278. Determine y(r).
8
Let w be (-1 - 4) + (-53 - -74). Suppose -2 = w*v - 14*v. Let q(d) = 32*d + 1. Give q(v).
-31
Let m be -4*(1 + 3/(-2)). Suppose -5*z + 52 = 2*d - 0*d, -z + 8 = d. Let n(f) = 17*f + f**2 - 7*f - z*f + 0 + 1. Calculate n(m).
1
Let g(z) = -2*z**2 + 4*z + 15. Let i be g(7). Let d = i - -64. Let n(s) = -3*s - 38*s**2 + d*s + 39*s**2 + 3. Give n(-4).
-5
Suppose -5*d + 5*n + 30 = 0, -16*d + 25 = -11*d - 4*n. Let l(s) = d - 6907*s - 2 + 6905*s. Determine l(-2).
3
Let j(n) = 17*n - 6. Let s be j(3). Let u be -28*(s/10 + -4). Let b(f) = f**3 + 15*f**2 + 15*f + 11. Let g be b(u). Let x(a) = -4*a + 3. Give x(g).
15
Let t(m) = -26*m**3 + 91*m**2 + 19*m + 17. Let y(u) = 23*u**3 - 83*u**2 - 19*u - 17. Let n(h) = -8*t(h) - 9*y(h). Give n(-18).
-1
Let p(f) = -f**2 - 4. Let l(k) = 1 - 3*k - k**3 + 2*k**2 - 3 + 3*k - k. Suppose -46*a - 2 = -47*a. Let m be l(a). What is p(m)?
-20
Let y(q) = -6*q**2 - 6*q - 15. Let f(r) = r - 17*r**2 + 16*r**2 - 25 + 23. Let w(c) = 5*f(c) - y(c). Determine w(-10).
-5
Let l = 5033 - 5028. Let i(a) = -a**3 + 4*a**2 + a + 14. What is i(l)?
-6
Let z be 255/(-9) - 6/9. Let i = 31 + z. Suppose 2 = -2*l + 4*t - 0, 2*l - 2*t + i = 0. Let b(f) = f + 1. What is b(l)?
0
Let y be (-4)/(5 - (-3 + 7)). Let c(n) = -3*n - 8. Let b be c(y). Let g be (b/5)/((-8)/80). Let a(p) = p**3 + 8*p**2 - 3*p - 8. Determine a(g).
16
Let g(p) = p**3 + 14*p**2 + 14*p + 13. Let r be g(-13). Suppose -3*k + 6 = -r*k. Suppose m + k = 5. Let n(h) = 6*h + 4. What is n(m)?
22
Let p be (-26)/91*7 + (2 - (-5 - -13)). Let x(a) = -a**3 - 7*a**2 - 6*a - 93. Calculate x(p).
19
Let z(r) = 4*r + 19. Suppose -4*b - 9*i - 20 = -7*i, 0 = 5*b + i + 25. What is z(b)?
-1
Let r(u) = -3*u**3 - 4*u**2 - 41*u - 8. Let g(v) = -4*v**3 - 6*v**2 - 49*v - 7. Let q(h) = 4*g(h) - 5*r(h). Calculate q(-5).
-8
Let m(v) = -11*v + 16. Let k be m(-9). Let p be (-1081)/k + 6/(-10). Let u(j) = j - 3. Determine u(p).
-13
Let m(z) = 4*z**2 + 2*z - 1. Suppose -3*i = 62*l - 66*l - 19, 4*l + 16 = 0. Give m(i).
5
Let g(l) = -24*l**2 - 1131*l + 1165*l - 9*l**2 - 63 + l**2 + 2*l**3. What is g(15)?
-3
Let h(i) be the first derivative of 2*i**3 - i**2 - 6*i - 74 - 1/4*i**4. What is h(6)?
-18
Let y(v) be the third derivative of -v**5/30 + v**3/3 - 1263*v**2. What is y(2)?
-6
Let k be (-1)/(16/12) - 884/16. Let y be (-30)/35*k/12. Let i(g) = -33*g**2 - 38*g**2 + 4*g - y + 70*g**2. Give i(5).
-9
Let g(z) = -4*z**2 + 2*z**2 - 2 - 3*z + z**2. Let l = 395 + -383. Suppose 19 = -3*t - 2*k, 0 = l*t - 14*t + k - 8. Determine g(t).
-12
Let t(a) be the second derivative of 0 + 1/20*a**5 - 5/6*a**4 + 5/2*a**2 + 47*a + 3/2*a**3. Give t(9).
5
Let n(w) be the second derivative of 0 + 1/2*w**2 + 378*w - 1/2*w**3. Let v = -4 - -2. Give n(v).
7
Let z = 7244 + -7249. Let l(y) = y**3 + 7*y**2 - 6. Calculate l(z).
44
Let w(r) = -7*r**2 + 6*r - 8. Suppose 4*x - 1032 + 1006 = -2*b, 4*x - 20 = 4*b. Give w(b).
-9
Let c(d) = -20 + 510*d - 22*d**3 + 21*d**3 + 9*d**2 - 5 - 516*d. Give c(8).
-9
Let m(u) = -u**3 + 5*u**2 + 5*u - 8. Suppose 0 = -r - l - 3, -4*r - l = -8*r - 2. Let s(v) = 29*v - 2. Let t be s(r). Let w = t - -37. What is m(w)?
-14
Let o(w) = -19*w - 10. Let l(u) = 8*u + 1. Let t(x) = -7*l(x) - 3*o(x). Calculate t(6).
29
Let s = -92 + 134. Let k = 76 - s. Let n = k + -34. Let l(y) = -y**3 - y - 10. Determine l(n).
-10
Let o(h) = 18*h + 375. Let q be o(-21). Let c(v) be the third derivative of 0 - 2/3*v**3 - 1/8*v**4 - 4*v**2 - 1/60*v**5 + 0*v. Give c(q).
-4
Let u(s) be the first derivative of -s**4/4 - 10*s**3/3 - 9*s**2 - 12*s + 863. Give u(-10).
168
Suppose -46*w - 55 = -41*w + 5*a, 2*a - 26 = w. Let u(f) = -f**3 - 19*f**2 - 42*f + 100. Determine u(w).
4
Let q(h) = h**3 - 3*h**2 + 2*h - 5. Let p(x) = -x**2 + 5*x + 1186. Let w be p(37). What is q(w)?
-5
Let t be -3*(-30)/25 + 12/(-20). Let c(w) = 5*w**2 - t*w**2 - 4*w - w - w**2. Determine c(-4).
36
Let b(j) be the second derivative of j**5/20 - 7*j**4/12 - 2*j**3/3 - 4*j**2 - 757*j. Calculate b(4).
-72
Let w(p) = 72*p**2 - 227*p + 7 - 75*p**2 + p**3 + 227*p. Calculate w(0).
7
Let x(c) = -c**2 + 16*c + 131. Suppose 220 = -15*o + 33 + 97. What is x(o)?
-1
Let p(g) = -5*g**2 - 10*g + 12. Let i(d) = 11*d**2 + 22*d - 28. Let t(n) = 4*i(n) + 9*p(n). Let c be -2 + 3 + (2 - 3). What is t(c)?
-4
Let s = -421 - -406. Let d be ((-5)/(-3))/(-4 - 85/s). Let y(a) = 5*a - 2. What is y(d)?
3
Let y(k) be the first derivative of -11*k**4/24 - k**3/3 + 3*k**2 + 18*k - 130. Let l(c) be the second derivative of y(c). What is l(-3)?
31
Let y(g) = g**3 - 6*g**2 - 5*g - 5. Let q = 18 - 13. Suppose 5*a - 140 = -q*d, -4*d + 3*d + 8 = -4*a. Suppose -d*u = -20*u - 28. Determine y(u).
9
Let m(v) = 2*v**2 - v - 8. Let u be m(-6). Suppose 58*d - 1491 - 3091 = 0. Let o = u - d. Let y(k) = k**2 + 8*k - 4.